{"id":113,"date":"2016-11-05T22:58:13","date_gmt":"2016-11-05T21:58:13","guid":{"rendered":"http:\/\/medhyg.de\/home\/?page_id=113"},"modified":"2018-05-08T19:09:45","modified_gmt":"2018-05-08T17:09:45","slug":"nosokomiale-infektionen","status":"publish","type":"page","link":"http:\/\/medhyg.de\/home\/nosokomiale-infektionen\/","title":{"rendered":"Nosokomiale Infektionen"},"content":{"rendered":"<p>Die hygienische Qualit\u00e4t Ihrer Einrichtung dr\u00fcckt sich unter anderem in der H\u00e4ufigkeit an nosokomialen Infektionen aus. Eine nosokomiale Infektion liegt im Sinne des Infektionsschutzgesetz dann vor, wenn <em>\u201e\u2026<\/em><em>eine Infektion mit lokalen oder systemischen Infektionszeichen als Reaktion auf das Vorhandensein von Erregern oder ihrer Toxine [besteht], die im zeitlichen Zusammenhang mit einer station\u00e4ren oder einer ambulanten medizinischen Ma\u00dfnahme steht, soweit die Infektion nicht bereits vorher bestand, \u2026\u201c<\/em> (\u00a7 2 Satz 8 IfSG). Dieser Begriff fasst sowohl vermeidbare wie auch unvermeidbare Ereignisse zusammen.<\/p>\n<p>Wir betreuen Sie als gesamtverantwortlichen Leiter Ihrer Einrichtung bei der Sicherstellung von Ma\u00dfnahmen, die nach dem Stand der medizinischen Wissenschaft geeignet sind, nosokomiale Infektionen zu verh\u00fcten und die Weiterverbreitung von Krankheitserregern, insbesondere solcher mit Resistenzen, zu vermeiden (\u00a7 23 Abs. 3 IfSG).<\/p>\n<p>Die H\u00e4ufigkeit von nosokomialen Infektionen erlauben neben dem direkten R\u00fcckschluss auf die hygienische Qualit\u00e4t insbesondere ein externes <em>benchmarking<\/em> und eine kosteneffektive Steuerung der Ma\u00dfnahmen zur Infektionspr\u00e4vention.<\/p>\n","protected":false},"excerpt":{"rendered":"<p>Die hygienische Qualit\u00e4t Ihrer Einrichtung dr\u00fcckt sich unter anderem in der H\u00e4ufigkeit an nosokomialen Infektionen aus. Eine nosokomiale Infektion liegt im Sinne des Infektionsschutzgesetz dann vor, wenn \u201e\u2026eine Infektion mit lokalen oder systemischen Infektionszeichen als Reaktion auf das Vorhandensein von Erregern oder ihrer Toxine [besteht], die im zeitlichen Zusammenhang mit einer station\u00e4ren oder einer ambulanten &#8230; <span class=\"more\"><a class=\"more-link\" href=\"http:\/\/medhyg.de\/home\/nosokomiale-infektionen\/\">[Read more&#8230;]<\/a><\/span><\/p>\n","protected":false},"author":1,"featured_media":0,"parent":0,"menu_order":0,"comment_status":"closed","ping_status":"closed","template":"","meta":{"footnotes":""},"class_list":["entry","page","publish","author-administ","post-113"],"_links":{"self":[{"href":"http:\/\/medhyg.de\/home\/wp-json\/wp\/v2\/pages\/113","targetHints":{"allow":["GET"]}}],"collection":[{"href":"http:\/\/medhyg.de\/home\/wp-json\/wp\/v2\/pages"}],"about":[{"href":"http:\/\/medhyg.de\/home\/wp-json\/wp\/v2\/types\/page"}],"author":[{"embeddable":true,"href":"http:\/\/medhyg.de\/home\/wp-json\/wp\/v2\/users\/1"}],"replies":[{"embeddable":true,"href":"http:\/\/medhyg.de\/home\/wp-json\/wp\/v2\/comments?post=113"}],"version-history":[{"count":2,"href":"http:\/\/medhyg.de\/home\/wp-json\/wp\/v2\/pages\/113\/revisions"}],"predecessor-version":[{"id":232,"href":"http:\/\/medhyg.de\/home\/wp-json\/wp\/v2\/pages\/113\/revisions\/232"}],"wp:attachment":[{"href":"http:\/\/medhyg.de\/home\/wp-json\/wp\/v2\/media?parent=113"}],"curies":[{"name":"wp","href":"https:\/\/api.w.org\/{rel}","templated":true}]}}