{"id":164,"date":"2016-11-05T23:26:12","date_gmt":"2016-11-05T22:26:12","guid":{"rendered":"http:\/\/medhyg.de\/home\/?page_id=164"},"modified":"2018-06-14T11:09:50","modified_gmt":"2018-06-14T09:09:50","slug":"164-2","status":"publish","type":"page","link":"http:\/\/medhyg.de\/home\/164-2\/","title":{"rendered":"\u00dcber mich"},"content":{"rendered":"<p><span style=\"color: #646464; font-family: VERDANA,ARIAL,HELVETICA;\"><b> PD Dr. med. Klaus Schr\u00f6ppel (Arzt)<\/b><br \/>\nKrankenhaushygieniker<br \/>\nArzt f\u00fcr Klinische Mikrobiologie, Virologie<br \/>\nund Infektionsepidemiologie<br \/>\nAntibiotikatherapie.<\/span><\/p>\n<p>Hygiene bei Trinkwasseranlagen VDI 6023.<br \/>\nRaumlufttechnischen Anlagen VDI 6022.<br \/>\nHygiene bei R\u00fcckk\u00fchlwerken, Verdunstungsk\u00fchlanlagen und K\u00fchlt\u00fcrmen VDI 2047.<\/p>\n<p>Mitglied der &#8222;St\u00e4ndigen Arbeitgemeinschaft Krankenhaushygiene&#8220; der Deutschen Gesellschaft f\u00fcr Mikrobiologie DGHM und des<br \/>\nNetzwerk Zukunft Hygiene der Rudolf Sch\u00fclke Stiftung NZH.<\/p>\n<p>Fachexperte bei der Deutschen Akkreditierungsstelle (DAkks) und der Zentralstelle der L\u00e4nder f\u00fcr Gesundheitsschutz bei Arzneimitteln und Medizinprodukten (ZLG).<\/p>\n<p>Fachliche Beratung und Dozent f\u00fcr die Arbeits- und Sozialmedizinische Akademie SAMA sowie die Bezirks\u00e4rztekammer S\u00fcdw\u00fcrttemberg.<\/p>\n<p>Ober\u00e4rztliche T\u00e4tigkeit an der Universit\u00e4tsklinik T\u00fcbingen (2007-2013), dem Robert-Bosch-Krankenhaus Stuttgart (2005-2007) sowie langj\u00e4hrige klinisch-mikrobiologische T\u00e4tigkeiten am Universit\u00e4tsklinikum Erlangen (1995-2005).<\/p>\n<p>Von 2011 bis 2013 verantwortlicher Krankenhaushygieniker am Universit\u00e4tsklinikum T\u00fcbingen und Leiter einer wissenschaftlichen Arbeitsgruppe (multiresistente Krankheitserreger, humanpathogene Pilze).<\/p>\n<p>Von 2013 bis 2015 Gr\u00fcndung des Instituts f\u00fcr Medizinhygiene (medhyg) und freiberufliche T\u00e4tigkeit als Krankenhaushygieniker.<\/p>\n<p>Von 2015 bis 2017 Projekt &#8222;Aufbau Stabsstelle Krankenhaushygiene Universit\u00e4tsmedizin Mannheim&#8220;, Leitender Krankenhaushygieniker.<\/p>\n<p>Seit 2017 Fortsetzung der freiberuflichen T\u00e4tigkeit als Krankenhaushygieniker mit dem Institut f\u00fcr Medizinhygiene PD Dr. Klaus Schr\u00f6ppel, Ammerbuch (medhyg).<\/p>\n<p>Auf Anfrage senden wir Ihnen gerne einen CV und projektbezogene Referenzen.<\/p>\n","protected":false},"excerpt":{"rendered":"<p>PD Dr. med. Klaus Schr\u00f6ppel (Arzt) Krankenhaushygieniker Arzt f\u00fcr Klinische Mikrobiologie, Virologie und Infektionsepidemiologie Antibiotikatherapie. Hygiene bei Trinkwasseranlagen VDI 6023. Raumlufttechnischen Anlagen VDI 6022. Hygiene bei R\u00fcckk\u00fchlwerken, Verdunstungsk\u00fchlanlagen und K\u00fchlt\u00fcrmen VDI 2047. Mitglied der &#8222;St\u00e4ndigen Arbeitgemeinschaft Krankenhaushygiene&#8220; der Deutschen Gesellschaft f\u00fcr Mikrobiologie DGHM und des Netzwerk Zukunft Hygiene der Rudolf Sch\u00fclke Stiftung NZH. Fachexperte bei &#8230; <span class=\"more\"><a class=\"more-link\" href=\"http:\/\/medhyg.de\/home\/164-2\/\">[Read more&#8230;]<\/a><\/span><\/p>\n","protected":false},"author":1,"featured_media":0,"parent":0,"menu_order":0,"comment_status":"closed","ping_status":"closed","template":"","meta":{"footnotes":""},"class_list":["entry","page","publish","author-administ","post-164"],"_links":{"self":[{"href":"http:\/\/medhyg.de\/home\/wp-json\/wp\/v2\/pages\/164","targetHints":{"allow":["GET"]}}],"collection":[{"href":"http:\/\/medhyg.de\/home\/wp-json\/wp\/v2\/pages"}],"about":[{"href":"http:\/\/medhyg.de\/home\/wp-json\/wp\/v2\/types\/page"}],"author":[{"embeddable":true,"href":"http:\/\/medhyg.de\/home\/wp-json\/wp\/v2\/users\/1"}],"replies":[{"embeddable":true,"href":"http:\/\/medhyg.de\/home\/wp-json\/wp\/v2\/comments?post=164"}],"version-history":[{"count":14,"href":"http:\/\/medhyg.de\/home\/wp-json\/wp\/v2\/pages\/164\/revisions"}],"predecessor-version":[{"id":281,"href":"http:\/\/medhyg.de\/home\/wp-json\/wp\/v2\/pages\/164\/revisions\/281"}],"wp:attachment":[{"href":"http:\/\/medhyg.de\/home\/wp-json\/wp\/v2\/media?parent=164"}],"curies":[{"name":"wp","href":"https:\/\/api.w.org\/{rel}","templated":true}]}}

Über mich

<p><span style="color: #646464; font-family: VERDANA,ARIAL,HELVETICA;"><b> PD Dr. med. Klaus Schröppel (Arzt)</b><br />
Krankenhaushygieniker<br />
Arzt für Klinische Mikrobiologie, Virologie<br />
und Infektionsepidemiologie<br />
Antibiotikatherapie.</span></p>
<p>Hygiene bei Trinkwasseranlagen VDI 6023.<br />
Raumlufttechnischen Anlagen VDI 6022.<br />
Hygiene bei Rückkühlwerken, Verdunstungskühlanlagen und Kühltürmen VDI 2047.</p>
<p>Mitglied der &#8222;Ständigen Arbeitgemeinschaft Krankenhaushygiene&#8220; der Deutschen Gesellschaft für Mikrobiologie DGHM und des<br />
Netzwerk Zukunft Hygiene der Rudolf Schülke Stiftung NZH.</p>
<p>Fachexperte bei der Deutschen Akkreditierungsstelle (DAkks) und der Zentralstelle der Länder für Gesundheitsschutz bei Arzneimitteln und Medizinprodukten (ZLG).</p>
<p>Fachliche Beratung und Dozent für die Arbeits- und Sozialmedizinische Akademie SAMA sowie die Bezirksärztekammer Südwürttemberg.</p>
<p>Oberärztliche Tätigkeit an der Universitätsklinik Tübingen (2007-2013), dem Robert-Bosch-Krankenhaus Stuttgart (2005-2007) sowie langjährige klinisch-mikrobiologische Tätigkeiten am Universitätsklinikum Erlangen (1995-2005).</p>
<p>Von 2011 bis 2013 verantwortlicher Krankenhaushygieniker am Universitätsklinikum Tübingen und Leiter einer wissenschaftlichen Arbeitsgruppe (multiresistente Krankheitserreger, humanpathogene Pilze).</p>
<p>Von 2013 bis 2015 Gründung des Instituts für Medizinhygiene (medhyg) und freiberufliche Tätigkeit als Krankenhaushygieniker.</p>
<p>Von 2015 bis 2017 Projekt &#8222;Aufbau Stabsstelle Krankenhaushygiene Universitätsmedizin Mannheim&#8220;, Leitender Krankenhaushygieniker.</p>
<p>Seit 2017 Fortsetzung der freiberuflichen Tätigkeit als Krankenhaushygieniker mit dem Institut für Medizinhygiene PD Dr. Klaus Schröppel, Ammerbuch (medhyg).</p>
<p>Auf Anfrage senden wir Ihnen gerne einen CV und projektbezogene Referenzen.</p>

<p>PD Dr. med. Klaus Schröppel (Arzt) Krankenhaushygieniker Arzt für Klinische Mikrobiologie, Virologie und Infektionsepidemiologie Antibiotikatherapie. Hygiene bei Trinkwasseranlagen VDI 6023. Raumlufttechnischen Anlagen VDI 6022. Hygiene bei Rückkühlwerken, Verdunstungskühlanlagen und Kühltürmen VDI 2047. Mitglied der &#8222;Ständigen Arbeitgemeinschaft Krankenhaushygiene&#8220; der Deutschen Gesellschaft für Mikrobiologie DGHM und des Netzwerk Zukunft Hygiene der Rudolf Schülke Stiftung NZH. Fachexperte bei &#8230; <span class="more"><a class="more-link" href="http://medhyg.de/home/164-2/">[Read more&#8230;]</a></span></p>
