{"id":41,"date":"2016-11-04T14:39:54","date_gmt":"2016-11-04T13:39:54","guid":{"rendered":"http:\/\/medhyg.de\/home\/?page_id=41"},"modified":"2018-05-09T09:42:54","modified_gmt":"2018-05-09T07:42:54","slug":"bauhygiene","status":"publish","type":"page","link":"http:\/\/medhyg.de\/home\/bauhygiene\/","title":{"rendered":"Bauma\u00dfahmen und <br>Technische Hygiene"},"content":{"rendered":"<div class=\"wpb_text_column wpb_content_element \">\n<div class=\"wpb_wrapper\">\n<p>Die Anforderungen der Infektionshygiene und der Wirtschaftlichkeit an die Planung, den Bau\u00a0und den Betrieb medizinischer Einrichtungen stehen bei uns gleicherma\u00dfen im Fokus der Beratungst\u00e4tigkeiten.<\/p>\n<p>Die folgenden Men\u00fcpunkte erl\u00e4utern kurz die wichtigsten Themen in Zusammenhang mit Baut\u00e4tigkeiten und Installationenen der technischen Hygiene.<\/p>\n<\/div>\n<\/div>\n","protected":false},"excerpt":{"rendered":"<p>Die Anforderungen der Infektionshygiene und der Wirtschaftlichkeit an die Planung, den Bau\u00a0und den Betrieb medizinischer Einrichtungen stehen bei uns gleicherma\u00dfen im Fokus der Beratungst\u00e4tigkeiten. Die folgenden Men\u00fcpunkte erl\u00e4utern kurz die wichtigsten Themen in Zusammenhang mit Baut\u00e4tigkeiten und Installationenen der technischen Hygiene.<\/p>\n","protected":false},"author":1,"featured_media":0,"parent":0,"menu_order":0,"comment_status":"closed","ping_status":"closed","template":"","meta":{"footnotes":""},"class_list":["entry","page","publish","author-administ","post-41"],"_links":{"self":[{"href":"http:\/\/medhyg.de\/home\/wp-json\/wp\/v2\/pages\/41","targetHints":{"allow":["GET"]}}],"collection":[{"href":"http:\/\/medhyg.de\/home\/wp-json\/wp\/v2\/pages"}],"about":[{"href":"http:\/\/medhyg.de\/home\/wp-json\/wp\/v2\/types\/page"}],"author":[{"embeddable":true,"href":"http:\/\/medhyg.de\/home\/wp-json\/wp\/v2\/users\/1"}],"replies":[{"embeddable":true,"href":"http:\/\/medhyg.de\/home\/wp-json\/wp\/v2\/comments?post=41"}],"version-history":[{"count":6,"href":"http:\/\/medhyg.de\/home\/wp-json\/wp\/v2\/pages\/41\/revisions"}],"predecessor-version":[{"id":263,"href":"http:\/\/medhyg.de\/home\/wp-json\/wp\/v2\/pages\/41\/revisions\/263"}],"wp:attachment":[{"href":"http:\/\/medhyg.de\/home\/wp-json\/wp\/v2\/media?parent=41"}],"curies":[{"name":"wp","href":"https:\/\/api.w.org\/{rel}","templated":true}]}}