{"id":78,"date":"2016-11-05T22:25:39","date_gmt":"2016-11-05T21:25:39","guid":{"rendered":"http:\/\/medhyg.de\/home\/?page_id=78"},"modified":"2018-05-08T19:04:43","modified_gmt":"2018-05-08T17:04:43","slug":"arzt-und-zahnarztpraxen","status":"publish","type":"page","link":"http:\/\/medhyg.de\/home\/arzt-und-zahnarztpraxen\/","title":{"rendered":"Arzt- und Zahnarztpraxen"},"content":{"rendered":"<p>In Arzt-und Zahnarztpraxen werden zahlreiche kleinere (oder gr\u00f6\u00dfere) invasiver Eingriffe ausgef\u00fchrt. m<strong>edhyg<\/strong> ber\u00e4t Ihre Praxis und erarbeitet f\u00fcr Sie eine individuelle praxisorientierte Strategie zur Umsetzung der gesetzlichen Vorgaben und infektionshygienischen Ma\u00dfnahmen. Wir unterst\u00fctzen Sie bei der Erstellung Ihres Hygieneplans und bei der Erfassung und Bewertung von infektiologischen Begleiterkrankungen. Wir schulen Ihre Mitarbeiter vor Ort in Ihrer Arbeitsumgebung.<\/p>\n","protected":false},"excerpt":{"rendered":"<p>In Arzt-und Zahnarztpraxen werden zahlreiche kleinere (oder gr\u00f6\u00dfere) invasiver Eingriffe ausgef\u00fchrt. medhyg ber\u00e4t Ihre Praxis und erarbeitet f\u00fcr Sie eine individuelle praxisorientierte Strategie zur Umsetzung der gesetzlichen Vorgaben und infektionshygienischen Ma\u00dfnahmen. Wir unterst\u00fctzen Sie bei der Erstellung Ihres Hygieneplans und bei der Erfassung und Bewertung von infektiologischen Begleiterkrankungen. Wir schulen Ihre Mitarbeiter vor Ort in &#8230; <span class=\"more\"><a class=\"more-link\" href=\"http:\/\/medhyg.de\/home\/arzt-und-zahnarztpraxen\/\">[Read more&#8230;]<\/a><\/span><\/p>\n","protected":false},"author":1,"featured_media":0,"parent":0,"menu_order":0,"comment_status":"closed","ping_status":"closed","template":"","meta":{"footnotes":""},"class_list":["entry","page","publish","author-administ","post-78"],"_links":{"self":[{"href":"http:\/\/medhyg.de\/home\/wp-json\/wp\/v2\/pages\/78","targetHints":{"allow":["GET"]}}],"collection":[{"href":"http:\/\/medhyg.de\/home\/wp-json\/wp\/v2\/pages"}],"about":[{"href":"http:\/\/medhyg.de\/home\/wp-json\/wp\/v2\/types\/page"}],"author":[{"embeddable":true,"href":"http:\/\/medhyg.de\/home\/wp-json\/wp\/v2\/users\/1"}],"replies":[{"embeddable":true,"href":"http:\/\/medhyg.de\/home\/wp-json\/wp\/v2\/comments?post=78"}],"version-history":[{"count":3,"href":"http:\/\/medhyg.de\/home\/wp-json\/wp\/v2\/pages\/78\/revisions"}],"predecessor-version":[{"id":228,"href":"http:\/\/medhyg.de\/home\/wp-json\/wp\/v2\/pages\/78\/revisions\/228"}],"wp:attachment":[{"href":"http:\/\/medhyg.de\/home\/wp-json\/wp\/v2\/media?parent=78"}],"curies":[{"name":"wp","href":"https:\/\/api.w.org\/{rel}","templated":true}]}}